{"id":150,"date":"2014-10-20T15:42:01","date_gmt":"2014-10-20T13:42:01","guid":{"rendered":"https:\/\/biere.alereno.org\/?page_id=150"},"modified":"2015-05-04T11:13:26","modified_gmt":"2015-05-04T10:13:26","slug":"la-brasserie-alereno","status":"publish","type":"page","link":"https:\/\/biere.alereno.org\/?page_id=150","title":{"rendered":"La brasserie Alereno"},"content":{"rendered":"<p>La brasserie est maintenant fonctionnelle. Merci \u00e0 tous ceux qui ont particip\u00e9 au projet en le finan\u00e7ant. Petit \u00e0 petit, je mettrai de l&rsquo;ordre dans ces pages, de mani\u00e8re \u00e0 proposer une marche \u00e0 suivre pour ceux qui voudraient s&rsquo;en inspirer&#8230;<\/p>\n<p>bonne lecture !<\/p>\n","protected":false},"excerpt":{"rendered":"<p>La brasserie est maintenant fonctionnelle. Merci \u00e0 tous ceux qui ont particip\u00e9 au projet en le finan\u00e7ant. Petit \u00e0 petit, je mettrai de l&rsquo;ordre dans ces pages, de mani\u00e8re \u00e0 proposer une marche \u00e0 suivre pour ceux qui voudraient s&rsquo;en inspirer&#8230; bonne lecture !<\/p>\n","protected":false},"author":1,"featured_media":0,"parent":0,"menu_order":0,"comment_status":"open","ping_status":"open","template":"","meta":[],"_links":{"self":[{"href":"https:\/\/biere.alereno.org\/index.php?rest_route=\/wp\/v2\/pages\/150"}],"collection":[{"href":"https:\/\/biere.alereno.org\/index.php?rest_route=\/wp\/v2\/pages"}],"about":[{"href":"https:\/\/biere.alereno.org\/index.php?rest_route=\/wp\/v2\/types\/page"}],"author":[{"embeddable":true,"href":"https:\/\/biere.alereno.org\/index.php?rest_route=\/wp\/v2\/users\/1"}],"replies":[{"embeddable":true,"href":"https:\/\/biere.alereno.org\/index.php?rest_route=%2Fwp%2Fv2%2Fcomments&post=150"}],"version-history":[{"count":6,"href":"https:\/\/biere.alereno.org\/index.php?rest_route=\/wp\/v2\/pages\/150\/revisions"}],"predecessor-version":[{"id":562,"href":"https:\/\/biere.alereno.org\/index.php?rest_route=\/wp\/v2\/pages\/150\/revisions\/562"}],"wp:attachment":[{"href":"https:\/\/biere.alereno.org\/index.php?rest_route=%2Fwp%2Fv2%2Fmedia&parent=150"}],"curies":[{"name":"wp","href":"https:\/\/api.w.org\/{rel}","templated":true}]}}